{"id":63,"date":"2026-04-06T20:56:10","date_gmt":"2026-04-06T19:56:10","guid":{"rendered":"https:\/\/sylviagomez.net\/?page_id=63"},"modified":"2026-04-06T20:56:10","modified_gmt":"2026-04-06T19:56:10","slug":"ruge","status":"publish","type":"page","link":"https:\/\/sylviagomez.net\/index.php\/ruge\/","title":{"rendered":"\u00a1Ruge!"},"content":{"rendered":"\n<div class=\"wp-block-group alignfull is-layout-flow wp-block-group-is-layout-flow\">\n<div class=\"wp-block-group alignfull has-global-padding is-layout-constrained wp-block-group-is-layout-constrained\" style=\"padding-top:var(--wp--preset--spacing--50);padding-bottom:var(--wp--preset--spacing--50)\">\n<div class=\"wp-block-group alignwide has-global-padding is-layout-constrained wp-block-group-is-layout-constrained\">\n<div class=\"wp-block-columns alignwide are-vertically-aligned-top is-layout-flex wp-container-core-columns-is-layout-55c14dbb wp-block-columns-is-layout-flex\" style=\"padding-top:var(--wp--preset--spacing--80);padding-bottom:var(--wp--preset--spacing--50)\">\n<div class=\"wp-block-column is-vertically-aligned-top is-layout-flow wp-block-column-is-layout-flow\" style=\"flex-basis:50%\">\n<h2 class=\"wp-block-heading alignwide has-x-large-font-size\">Una consigna para el encuentro, el trabajo colectivo, la producci\u00f3n gr\u00e1fica y editorial. <\/h2>\n<\/div>\n\n\n\n<div class=\"wp-block-column is-vertically-aligned-top is-layout-flow wp-block-column-is-layout-flow\" style=\"flex-basis:50%\">\n<div style=\"height:var(--wp--preset--spacing--20)\" aria-hidden=\"true\" class=\"wp-block-spacer\"><\/div>\n<\/div>\n<\/div>\n\n\n\n<div class=\"wp-block-columns is-layout-flex wp-container-core-columns-is-layout-28f84493 wp-block-columns-is-layout-flex\">\n<div class=\"wp-block-column is-layout-flow wp-block-column-is-layout-flow\"><\/div>\n\n\n\n<div class=\"wp-block-column is-layout-flow wp-block-column-is-layout-flow\"><\/div>\n<\/div>\n<\/div>\n<\/div>\n<\/div>\n\n\n\n<div class=\"wp-block-group alignfull has-global-padding is-layout-constrained wp-block-group-is-layout-constrained\" style=\"margin-top:0;margin-bottom:0\">\n<div class=\"wp-block-columns alignwide is-layout-flex wp-container-core-columns-is-layout-65e523f9 wp-block-columns-is-layout-flex\">\n<div class=\"wp-block-column is-layout-flow wp-block-column-is-layout-flow\" style=\"flex-basis:66.66%\">\n<div class=\"wp-block-query is-layout-flow wp-block-query-is-layout-flow\"><ul class=\"wp-block-post-template is-layout-flow wp-block-post-template-is-layout-flow\"><li class=\"wp-block-post post-1 post type-post status-publish format-standard hentry category-uncategorized\">\n\n<div class=\"wp-block-group is-layout-flow wp-container-core-group-is-layout-81d5c4b5 wp-block-group-is-layout-flow\">\n<div class=\"wp-block-columns is-layout-flex wp-container-core-columns-is-layout-28f84493 wp-block-columns-is-layout-flex\">\n<div class=\"wp-block-column is-layout-flow wp-block-column-is-layout-flow\" style=\"flex-basis:100%\">\n<div class=\"wp-block-group has-global-padding is-layout-constrained wp-block-group-is-layout-constrained\">\n<figure class=\"wp-block-gallery has-nested-images columns-default is-cropped wp-block-gallery-1 is-layout-flex wp-block-gallery-is-layout-flex\">\n<figure class=\"wp-block-image size-large\"><img loading=\"lazy\" decoding=\"async\" width=\"1024\" height=\"764\" data-id=\"73\" src=\"https:\/\/sylviagomez.net\/wp-content\/uploads\/2026\/04\/chalupa-todas-1-1024x764.jpg\" alt=\"\" class=\"wp-image-73\" srcset=\"https:\/\/sylviagomez.net\/wp-content\/uploads\/2026\/04\/chalupa-todas-1-1024x764.jpg 1024w, https:\/\/sylviagomez.net\/wp-content\/uploads\/2026\/04\/chalupa-todas-1-300x224.jpg 300w, https:\/\/sylviagomez.net\/wp-content\/uploads\/2026\/04\/chalupa-todas-1-768x573.jpg 768w, https:\/\/sylviagomez.net\/wp-content\/uploads\/2026\/04\/chalupa-todas-1-1536x1146.jpg 1536w, https:\/\/sylviagomez.net\/wp-content\/uploads\/2026\/04\/chalupa-todas-1-2048x1527.jpg 2048w\" sizes=\"auto, (max-width: 1024px) 100vw, 1024px\" \/><\/figure>\n<\/figure>\n<\/div>\n\n\n\n<figure class=\"wp-block-gallery has-nested-images columns-default is-cropped wp-block-gallery-2 is-layout-flex wp-block-gallery-is-layout-flex\">\n<figure class=\"wp-block-image size-large\"><img loading=\"lazy\" decoding=\"async\" width=\"750\" height=\"486\" data-id=\"65\" src=\"https:\/\/sylviagomez.net\/wp-content\/uploads\/2026\/04\/00Lanzamientochalupa5124.jpg\" alt=\"\" class=\"wp-image-65\" srcset=\"https:\/\/sylviagomez.net\/wp-content\/uploads\/2026\/04\/00Lanzamientochalupa5124.jpg 750w, https:\/\/sylviagomez.net\/wp-content\/uploads\/2026\/04\/00Lanzamientochalupa5124-300x194.jpg 300w\" sizes=\"auto, (max-width: 750px) 100vw, 750px\" \/><\/figure>\n\n\n\n<figure class=\"wp-block-image size-large\"><img loading=\"lazy\" decoding=\"async\" width=\"750\" height=\"500\" data-id=\"68\" src=\"https:\/\/sylviagomez.net\/wp-content\/uploads\/2026\/04\/Chalupa_4portada140-1.jpg\" alt=\"\" class=\"wp-image-68\" srcset=\"https:\/\/sylviagomez.net\/wp-content\/uploads\/2026\/04\/Chalupa_4portada140-1.jpg 750w, https:\/\/sylviagomez.net\/wp-content\/uploads\/2026\/04\/Chalupa_4portada140-1-300x200.jpg 300w\" sizes=\"auto, (max-width: 750px) 100vw, 750px\" \/><\/figure>\n<\/figure>\n<\/div>\n<\/div>\n<\/div>\n\n<\/li><\/ul>\n\n<\/div>\n<\/div>\n\n\n\n<div class=\"wp-block-column is-layout-flow wp-block-column-is-layout-flow\" style=\"flex-basis:33.33%\">\n<div class=\"wp-block-query is-layout-flow wp-block-query-is-layout-flow\">\n<div class=\"wp-block-group has-global-padding is-layout-constrained wp-block-group-is-layout-constrained\">\n<p><strong>Chalupa<\/strong><\/p>\n<\/div>\n\n\n<div class=\"wp-block-query-no-results\">\n\n<p>Entre r\u00edos de papel navega una embarcaci\u00f3n-fanzine. Una publicaci\u00f3n-encuentro; suma de perspectivas y lenguajes, gestada inicialmente en Argentina y desarrollada posteriormente en Colombia que completa actualmente 14 n\u00fameros publicados que contienen historietas, ilustraciones y textos de autores en su mayor\u00eda latinoamericanos.<\/p>\n\n\n\n<p><strong>Pensar el oficio\u2026.<\/strong><br>Despu\u00e9s de sus dos primeros n\u00fameros, el equipo editorial de Chalupa se propuso editar y publicar una serie en la que se pudieran reflexionar, ironizar, presentar y subvertir diferentes aspectos del oficio del artista y el gestor cultural.  Este material est\u00e1 compuesto por el trabajo de m\u00e1s de cien autores, entre escritores, ilustradores e historietistas, que presentan las din\u00e1micas, conflictos, retos y posibilidades a las que se enfrentan al desarrollar su oficio.<\/p>\n\n\n\n<p><strong>Equipo editorial\u00a0<\/strong>Manuela Fajardo, Rafael Oliver, Sylvia G\u00f3mez G.<br><strong>Dise\u00f1o:<\/strong>\u00a0Sylvia G\u00f3mez<br><strong>Correcci\u00f3n de estilo:\u00a0<\/strong>Manuela Fajardo, Rafael Oliver<\/p>\n\n<\/div><\/div>\n<\/div>\n<\/div>\n\n\n\n<div style=\"height:var(--wp--preset--spacing--30)\" aria-hidden=\"true\" class=\"wp-block-spacer\"><\/div>\n<\/div>\n","protected":false},"excerpt":{"rendered":"<p>Una consigna para el encuentro, el trabajo colectivo, la producci\u00f3n gr\u00e1fica y editorial.<\/p>\n","protected":false},"author":1,"featured_media":0,"parent":0,"menu_order":0,"comment_status":"closed","ping_status":"closed","template":"","meta":{"footnotes":""},"class_list":["post-63","page","type-page","status-publish","hentry"],"_links":{"self":[{"href":"https:\/\/sylviagomez.net\/index.php\/wp-json\/wp\/v2\/pages\/63","targetHints":{"allow":["GET"]}}],"collection":[{"href":"https:\/\/sylviagomez.net\/index.php\/wp-json\/wp\/v2\/pages"}],"about":[{"href":"https:\/\/sylviagomez.net\/index.php\/wp-json\/wp\/v2\/types\/page"}],"author":[{"embeddable":true,"href":"https:\/\/sylviagomez.net\/index.php\/wp-json\/wp\/v2\/users\/1"}],"replies":[{"embeddable":true,"href":"https:\/\/sylviagomez.net\/index.php\/wp-json\/wp\/v2\/comments?post=63"}],"version-history":[{"count":1,"href":"https:\/\/sylviagomez.net\/index.php\/wp-json\/wp\/v2\/pages\/63\/revisions"}],"predecessor-version":[{"id":76,"href":"https:\/\/sylviagomez.net\/index.php\/wp-json\/wp\/v2\/pages\/63\/revisions\/76"}],"wp:attachment":[{"href":"https:\/\/sylviagomez.net\/index.php\/wp-json\/wp\/v2\/media?parent=63"}],"curies":[{"name":"wp","href":"https:\/\/api.w.org\/{rel}","templated":true}]}}